**2/2 + 3*a - 1. Let z(d) = -d**2 - 6*d - 3. Suppose -2*f + 5*f = -15. Let v be z(f). Give n(v).
-3
Let k(n) = -n**3 + 5*n**2 - 4*n - 1. Let v be 1/((-1)/(-1)) - -1. Let m(u) = u - 1. Let s be m(2). Let y = s + v. Give k(y).
5
Let k = 16 + -12. Suppose 0*a = 4*a + k. Let u(q) = -q. Determine u(a).
1
Let j be 3/((-6)/(-2))*2. Let x(p) = p**3 + 4 + 4*p + 2*p**2 - j*p - 1. Calculate x(-2).
-1
Let n(o) = 3*o + 2*o - 4*o. Let y(m) = m + 7. Let v(t) = -3*t**2 + 3*t - 1. Let u be v(2). Let j be y(u). What is n(j)?
0
Let c(d) be the third derivative of -d**5/60 - 5*d**4/24 - 7*d**3/6 + 14*d**2. Calculate c(-5).
-7
Let v(l) = -4 - 4*l + l + 1. Let g be (-12)/(3/1) + -2. Let y be 2 + g/3 - 2. Calculate v(y).
3
Let p(a) = 7*a - 7. Let f(u) = u - 1. Let v(d) = -6*f(d) + p(d). Calculate v(-2).
-3
Let l(m) = -m**2 + 2*m + 1. Suppose 7*x = 3*x - 32. Let p = x - -12. Let f be (p/(-2))/((-2)/3). Calculate l(f).
-2
Suppose -4*x + 21 = 9. Let y(d) = 5 - 4*d + x*d + 4*d - 4. Let b = 4 - 7. Calculate y(b).
-8
Let b(w) = -1 + 1170*w + 4*w**2 - 1170*w. Let o be 0 - ((-1 - -1) + 1). Calculate b(o).
3
Let k = -15 + 9. Let o(m) = -5*m**2 + 5*m - 6 - m**3 + 2 + 0*m. What is o(k)?
2
Let g = 5 - 5. Let y(w) = w - 3. Let s(t) = -2*t + 6. Let l(x) = -3*s(x) - 5*y(x). What is l(g)?
-3
Let o = 1 - 1. Suppose o = -2*h + 5*h. Let n(j) be the second derivative of j**4/12 - j**2 - 9*j. Calculate n(h).
-2
Suppose 11 - 1 = 5*q. Let v(i) = 7*i**2 - 6*i**2 - 2 + 0*i**q - 5*i. Give v(3).
-8
Let o be -4 - 0 - (-10 - -6). Let l(u) = -u + 1. Calculate l(o).
1
Suppose 0 = 2*m + 3*m - 15. Let f(x) = -5*x**3 - 10*x**2 + 8*x + 3. Let w(q) = 3*q**3 + 5*q**2 - 4*q - 2. Let b(g) = -4*f(g) - 7*w(g). Give b(m).
8
Let o(f) = f**3 + 10*f**2 - 8. Let i = 72 + -82. What is o(i)?
-8
Let r be 1 + (-6*1)/(2/2). Let y(x) = -x**3 - 5*x**2 - 2*x + 1. Determine y(r).
11
Let u(o) = -o**2 - 6*o + 4. Let y = 23 + -9. Suppose -2*j = -3*j + 4*n - y, -4*n = -2*j - 20. Give u(j).
4
Let v(c) = -c**2 - c + 4. Suppose -9 = -3*i - 0. Calculate v(i).
-8
Let b = -60 - -63. Let h(v) = -3*v - v + v + 4. Give h(b).
-5
Let y(a) = 2*a + 8. Let p(q) = q + 5. Let t be p(-6). Let w be (t - 0) + 3 + -9. Calculate y(w).
-6
Let d(i) = -4*i**2 + 2*i + 8. Let c(a) = -a**2 + a + 1. Let o(r) = -5*c(r) + d(r). Calculate o(3).
3
Suppose 0*h + h = -4. Let t be (-1 - -2)*h/1. Let o be 5/t + 1/4. Let f(l) = 7*l**3 + l**2 + 2*l + 1. What is f(o)?
-7
Let r(h) = 13*h - 6*h - 9*h. What is r(4)?
-8
Let v(a) = a**2 - 3*a - 5. Let f(h) = h**2 - h. Let y be f(-4). Suppose -5*u + u - 3*t = -35, 5*t - y = u. Calculate v(u).
5
Let f(q) = -q + 1. Let j = -86 + 84. Give f(j).
3
Suppose 20 = 4*h, -b - 4*h = 4*b - 35. Suppose 2*q = 3*q + b. Let d(l) = 4 - l + 2 - l**3 - 4 - 3*l**2. Determine d(q).
5
Let n(u) = 5*u - 4. Let o(t) = -t. Let y(s) = -n(s) - 3*o(s). Let z be (-6)/21 - (-86)/7. Let a = -8 + z. Calculate y(a).
-4
Let k be -2*(-2)/4*1. Let o(a) be the first derivative of -a**4/2 - 2*a**3/3 + a**2/2 - 4. Give o(k).
-3
Let p = -7 + 11. Let o = 6 - p. Let r(a) = -2*a. Determine r(o).
-4
Let u(t) be the first derivative of 2*t**2 + t - 6. Give u(-2).
-7
Let i(m) = -2*m - 5. Let o be i(-7). Suppose 4*d + 1 = o. Let z(u) = -u**3 - 2 - 2*u**2 - 1 - 2*u**2 - d*u. Calculate z(-3).
-6
Let g(c) = c + 8. Let m = 58 + -66. Calculate g(m).
0
Suppose -28 = 2*w + 3*w - v, 2*w + 5*v - 5 = 0. Let k = 9 + w. Suppose 0 = -6*g + 4*g + 5*h + 8, k = g + 3*h. Let d(p) = -p**2 + 6*p - 2. What is d(g)?
6
Let h(q) = -2*q**3 - 3*q - 2. Let a be h(-1). Let u = 6 - a. Let o(y) = -y**3 + 3*y**2 - 2*y + 1. Calculate o(u).
-5
Let m(d) = d + 5. Suppose -8*b + 42 = -b. What is m(b)?
11
Suppose n - 6 = 4*u, -2*n = -7*n - 2*u + 8. Let j(h) = -3 - n - 8*h + 9*h. Determine j(5).
0
Let a = 46 + -48. Let d(z) = -2*z**3 + z + 1. Determine d(a).
15
Let h(t) be the second derivative of t**3/6 - 9*t**2/2 + t - 2. What is h(7)?
-2
Suppose -4 = -i - 3*f, 3*f - 5 = 5*i - 25. Let u(d) be the second derivative of -d**3/6 + 5*d**2/2 + d. What is u(i)?
1
Let f(k) = k**3 - 7*k**2 + 2*k - 10. Let a be f(7). Let x be (a + -2)/(6/3). Let n be (1 + -3)/(1 + x). Let y(g) = 8*g**2 + g + 1. Calculate y(n).
8
Let a(k) = -k**3 + k**2 + k. Let b be a(0). Let u(v) = v**3 - v**2 + 2*v - 4. Let r(x) = -x**3 + x**2 - 3*x + 5. Let l(g) = 2*r(g) + 3*u(g). Calculate l(b).
-2
Let b(z) = -z + 7. Let i be 5472/(-247) - 2/(-13). Let j = 29 + i. Give b(j).
0
Let f(p) = 4*p - 2. Let m(q) = 4*q - 1. Let d(i) = 5*f(i) - 4*m(i). Determine d(4).
10
Let m(a) be the first derivative of a**3/3 + 3*a**2 - a + 1. Let k(j) be the first derivative of m(j). Let o be (-2)/(-3) - (-17)/(-3). Give k(o).
-4
Let f(v) = v**2 + 7*v + 3. Let r(l) = 9*l + 20. Let z be r(-3). Calculate f(z).
3
Let l(n) = -n**3 - 3*n**2 + 3*n + 3. Let y(p) = p**3 + 6*p**2 - 5*p + 2. Let v be y(-7). Let s = 9 + v. Determine l(s).
-6
Let p(u) be the third derivative of u**7/840 - u**6/360 - u**5/120 - 7*u**4/24 + u**3 - 7*u**2. Let f(d) be the first derivative of p(d). Calculate f(0).
-7
Let r = -218 - -122. Let i be r/10 - 4/10. Let z be 8/(-10)*i/4. Let s(x) = x**3 - x**2 - 3*x + 1. Determine s(z).
-1
Let s(p) be the first derivative of -p**2/2 + 4*p + 1. Give s(4).
0
Let k(b) = -b**2 - 7*b + 7. Let h(f) = -f**2 - 8*f + 8. Let u(j) = -6*h(j) + 7*k(j). Calculate u(-4).
-11
Let f(i) = -i**2 - 4*i + 5. Let j(q) = -4*q**2. Let g(l) = l - 4. Let c be g(3). Let t be j(c). Calculate f(t).
5
Let t = -9 + 5. Let q(v) = 11*v**2 - 10*v - 7. Let h(o) = 5*o**2 - 5*o - 3. Let s(x) = 13*h(x) - 6*q(x). Determine s(t).
7
Let i(z) be the third derivative of -z**4/12 - 2*z**3/3 - 2*z**2. Give i(5).
-14
Let o = 9 - 7. Let l(n) = -31*n - n**2 + 54*n - 24*n + 2*n**o. Calculate l(-2).
6
Let u(o) be the third derivative of o**5/60 - 5*o**4/24 - 2*o**2. Suppose -2 + 6 = q. Determine u(q).
-4
Let i(j) = -j**2 - 3*j + 3. Let p(u) = u**3 + 5*u**2 + 6*u + 2. Let m be p(-2). Determine i(m).
-7
Let g(y) be the third derivative of 0*y - 1/10*y**5 + 5/6*y**3 + 0 + 1/120*y**6 + 1/4*y**4 + 7*y**2. Calculate g(5).
10
Let q be (-74)/(-14) - 6/21. Let r(k) = -4*k + 3. Give r(q).
-17
Let r(z) = -5 + 2*z + 4 - 5. Let m(p) = 3*p - 7. Let a(y) = -5*m(y) + 6*r(y). Determine a(2).
-7
Let r(z) = z**3 + z**2. Let a = 10 - 5. Let t(m) = -4*m**3 - 5*m**2 - m - 3. Let w(p) = a*r(p) + t(p). Determine w(0).
-3
Let p(h) = h**3 - 6*h**2 + 6*h - 3. Let c be 2 - (-2)/(-3)*3. Let f = c - -5. Give p(f).
2
Let g(q) = -2*q**3 + 6*q**2 + 11*q. Let m(i) = 7*i**3 + i**2 + i. Let f be m(-1). Let b(s) = s**3 - 3*s**2 - 5*s. Let k(r) = f*b(r) - 3*g(r). Determine k(3).
6
Let g(f) be the first derivative of 3*f**6/40 - f**4/24 + f**3/6 - 3*f**2/2 + 1. Let v(q) be the second derivative of g(q). Give v(1).
9
Let y = -22 + 24. Let t(c) = -3*c**3 + 1 - c + 2*c**3 + 5 - 6*c**y - 2*c. Suppose -2*x = -5*f - x - 29, -3*f - 7 = 2*x. Calculate t(f).
-4
Let o be 5/2 + (-2)/4. Suppose -2*u + 36 = o*u. Let c(h) = h - 14. Let m be c(u). Let x(v) = -v**3 - 4*v**2 + 6*v. Calculate x(m).
-5
Let y(m) = -4 - 8*m - 6*m**2 - m**2 + 4*m + 8*m**2. What is y(5)?
1
Let f(t) = -t + 1. Let h(i) = -i**2 + 5*i - 1. Let x(q) = -6*f(q) - h(q). Determine x(-5).
15
Let h(v) = -2*v**2 + 3*v. Let s(p) = p**2 + 5*p + 2. Let x be s(-5). Give h(x).
-2
Let a(v) = v - 4. Let h be a(4). Let x = 0 + h. Let c(l) be the third derivative of -l**6/120 - l**4/24 + 3*l**3/2 + 29*l**2. What is c(x)?
9
Let d(n) = 2*n - 2. Let r(w) = -6*w + 7. Let o(m) = 7*d(m) + 2*r(m). Give o(3).
6
Let y(g) = -6*g + 2. Let v(l) = l - 1. Let n be 5*((-16)/10 - -1). Let s(m) = n*v(m) - y(m). Calculate s(1).
4
Let b(j) = -j**3 - 2*j**2 - 2. Let c be ((-2)/4)/(2 - 7/4). What is b(c)?
-2
Let u(b) = 6*b - b - 4 + b - 2*b. Let i(d) = 4*d - 5. Suppose -4*s - 3*r + 4*r = 16, -2*r + 5 = s. Let o(m) = s*i(m) + 4*u(m). Determine o(2).
7
Let q(u) = u**2 - 3*u - 1. Let p = 1 + 1. Suppose 7 = 3*v + p*c - 1, c - 9 = -4*v. Let r = 0 - v. Calculate q(r).
9
Let i = -14 - -22. Let b(h) = h - 11. Determine b(i).
-3
Let s = -724 - -723. Let k(f) = 1 + 3*f + 0 + 0*f. What is k(s)?
-2
Let o(f) = f + 1. Let q(s) = 5*s + 4. Let t(g) = -o(g) + q(g). Calculate t(-4).
-13
Let o(u) be the first derivative of -u**3/3 + 5*u**2/2 + 6*u - 6. Give o(6).
0
Let u be (-9)/(-18) - 2/(-4). Let c(f) = 3*f**3 + 2*f**2 - 1. Cal